{"id":17,"date":"2024-03-31T22:19:56","date_gmt":"2024-03-31T20:19:56","guid":{"rendered":"https:\/\/ringwerk.ch\/wordpress\/?page_id=17"},"modified":"2025-01-15T20:59:03","modified_gmt":"2025-01-15T19:59:03","slug":"ueber-uns","status":"publish","type":"page","link":"https:\/\/ringwerk.ch\/wordpress\/ueber-uns\/","title":{"rendered":"\u00dcber uns"},"content":{"rendered":"\t\t<div data-elementor-type=\"wp-page\" data-elementor-id=\"17\" class=\"elementor elementor-17\">\n\t\t\t\t<div class=\"elementor-element elementor-element-53663fb e-flex e-con-boxed e-con e-parent\" data-id=\"53663fb\" data-element_type=\"container\" data-e-type=\"container\">\n\t\t\t\t\t<div class=\"e-con-inner\">\n\t\t\t\t<div class=\"elementor-element elementor-element-3a9a99d elementor-widget elementor-widget-heading\" data-id=\"3a9a99d\" data-element_type=\"widget\" data-e-type=\"widget\" data-widget_type=\"heading.default\">\n\t\t\t\t<div class=\"elementor-widget-container\">\n\t\t\t\t\t<h2 class=\"elementor-heading-title elementor-size-default\">Die Werkstatt<\/h2>\t\t\t\t<\/div>\n\t\t\t\t<\/div>\n\t\t\t\t\t<\/div>\n\t\t\t\t<\/div>\n\t\t<div class=\"elementor-element elementor-element-7df91c1 e-flex e-con-boxed e-con e-parent\" data-id=\"7df91c1\" data-element_type=\"container\" data-e-type=\"container\">\n\t\t\t\t\t<div class=\"e-con-inner\">\n\t\t<div class=\"elementor-element elementor-element-55d3d30 e-con-full e-flex e-con e-child\" data-id=\"55d3d30\" data-element_type=\"container\" data-e-type=\"container\">\n\t\t\t\t<div class=\"elementor-element elementor-element-ac7dd7a elementor-widget elementor-widget-text-editor\" data-id=\"ac7dd7a\" data-element_type=\"widget\" data-e-type=\"widget\" data-widget_type=\"text-editor.default\">\n\t\t\t\t<div class=\"elementor-widget-container\">\n\t\t\t\t\t\t\t\t\t<p>Bei uns bist du immer mitten in der Werkstatt, egal ob du dein Schmuckst\u00fcck in Auftrag gibst oder selbst hand anlegst.<\/p><p>Ich verwende viele verschiedene Materialien. Da sind die Klassiker wie verschiedenste Edelsteine, Gelb-, Rot- und Weissgold, Silber, Platin und Palladium in verschiedenen Legierungen. Aber auch Holz, Karbon, Pferdehaar, Muttermilch\u2026<\/p>\t\t\t\t\t\t\t\t<\/div>\n\t\t\t\t<\/div>\n\t\t\t\t<\/div>\n\t\t<div class=\"elementor-element elementor-element-df8f8b3 e-con-full e-flex e-con e-child\" data-id=\"df8f8b3\" data-element_type=\"container\" data-e-type=\"container\">\n\t\t\t\t<div class=\"elementor-element elementor-element-23b02c6 elementor-widget elementor-widget-image\" data-id=\"23b02c6\" data-element_type=\"widget\" data-e-type=\"widget\" data-widget_type=\"image.default\">\n\t\t\t\t<div class=\"elementor-widget-container\">\n\t\t\t\t\t\t\t\t\t\t\t\t\t\t\t<img decoding=\"async\" src=\"https:\/\/ringwerk.ch\/wordpress\/wp-content\/uploads\/2024\/08\/atelier-goldschmiede-4.jpg\" title=\"atelier-goldschmiede-4\" alt=\"atelier-goldschmiede-4\" loading=\"lazy\" \/>\t\t\t\t\t\t\t\t\t\t\t\t\t\t\t<\/div>\n\t\t\t\t<\/div>\n\t\t\t\t<\/div>\n\t\t\t\t\t<\/div>\n\t\t\t\t<\/div>\n\t\t<div class=\"elementor-element elementor-element-7f4855c e-flex e-con-boxed e-con e-parent\" data-id=\"7f4855c\" data-element_type=\"container\" data-e-type=\"container\">\n\t\t\t\t\t<div class=\"e-con-inner\">\n\t\t\t\t<div class=\"elementor-element elementor-element-98376aa elementor-widget elementor-widget-heading\" data-id=\"98376aa\" data-element_type=\"widget\" data-e-type=\"widget\" data-widget_type=\"heading.default\">\n\t\t\t\t<div class=\"elementor-widget-container\">\n\t\t\t\t\t<h2 class=\"elementor-heading-title elementor-size-default\">Unsere Werte<\/h2>\t\t\t\t<\/div>\n\t\t\t\t<\/div>\n\t\t\t\t\t<\/div>\n\t\t\t\t<\/div>\n\t\t<div class=\"elementor-element elementor-element-f9b11f3 e-flex e-con-boxed e-con e-parent\" data-id=\"f9b11f3\" data-element_type=\"container\" data-e-type=\"container\">\n\t\t\t\t\t<div class=\"e-con-inner\">\n\t\t<div class=\"elementor-element elementor-element-f6e16e9 e-con-full e-flex e-con e-child\" data-id=\"f6e16e9\" data-element_type=\"container\" data-e-type=\"container\">\n\t\t\t\t<div class=\"elementor-element elementor-element-0129b30 elementor-widget elementor-widget-image\" data-id=\"0129b30\" data-element_type=\"widget\" data-e-type=\"widget\" data-widget_type=\"image.default\">\n\t\t\t\t<div class=\"elementor-widget-container\">\n\t\t\t\t\t\t\t\t\t\t\t\t\t\t\t<img fetchpriority=\"high\" decoding=\"async\" width=\"300\" height=\"300\" src=\"https:\/\/ringwerk.ch\/wordpress\/wp-content\/uploads\/2025\/01\/Oekogold_Logos_2025_D-300x300.jpg\" class=\"attachment-medium size-medium wp-image-1466\" alt=\"\" srcset=\"https:\/\/ringwerk.ch\/wordpress\/wp-content\/uploads\/2025\/01\/Oekogold_Logos_2025_D-300x300.jpg 300w, https:\/\/ringwerk.ch\/wordpress\/wp-content\/uploads\/2025\/01\/Oekogold_Logos_2025_D-1024x1024.jpg 1024w, https:\/\/ringwerk.ch\/wordpress\/wp-content\/uploads\/2025\/01\/Oekogold_Logos_2025_D-150x150.jpg 150w, https:\/\/ringwerk.ch\/wordpress\/wp-content\/uploads\/2025\/01\/Oekogold_Logos_2025_D-768x768.jpg 768w, https:\/\/ringwerk.ch\/wordpress\/wp-content\/uploads\/2025\/01\/Oekogold_Logos_2025_D-600x600.jpg 600w, https:\/\/ringwerk.ch\/wordpress\/wp-content\/uploads\/2025\/01\/elementor\/thumbs\/Oekogold_Logos_2025_D-r023w8r5vgbydn3pf9eana3owh4uqphfihw0ga2ptm.jpg 25w, https:\/\/ringwerk.ch\/wordpress\/wp-content\/uploads\/2025\/01\/elementor\/thumbs\/Oekogold_Logos_2025_D-r023w8r6lrltcfzy2lwzwxepivntxrev1kn454d1ua.jpg 85w, https:\/\/ringwerk.ch\/wordpress\/wp-content\/uploads\/2025\/01\/elementor\/thumbs\/Oekogold_Logos_2025_D-r023w8r6scfa35808g1o8c8gohakqiw7xcbw2bxmug.jpg 100w, https:\/\/ringwerk.ch\/wordpress\/wp-content\/uploads\/2025\/01\/Oekogold_Logos_2025_D.jpg 1492w\" sizes=\"(max-width: 300px) 100vw, 300px\" \/>\t\t\t\t\t\t\t\t\t\t\t\t\t\t\t<\/div>\n\t\t\t\t<\/div>\n\t\t\t\t<\/div>\n\t\t<div class=\"elementor-element elementor-element-60fb560 e-con-full e-flex e-con e-child\" data-id=\"60fb560\" data-element_type=\"container\" data-e-type=\"container\">\n\t\t\t\t<div class=\"elementor-element elementor-element-5b5c225 elementor-widget elementor-widget-text-editor\" data-id=\"5b5c225\" data-element_type=\"widget\" data-e-type=\"widget\" data-widget_type=\"text-editor.default\">\n\t\t\t\t<div class=\"elementor-widget-container\">\n\t\t\t\t\t\t\t\t\t<p style=\"text-align: left;\">Ich schmiede St\u00fccke die lange Freude bereiten sollen. Dabei ist mir wichtig das dein Schmuckst\u00fcck zu dir passt.<\/p><p>Wo immer m\u00f6glich verwende ich seit 2017 OEKOGOLD. Nicht nur das Gold, auch das Silber, Platin und Palladium ist \u00f6kogoldzertifiziert. Mehr dazu unter <a href=\"http:\/\/www.oekogold.ch\">www.oekogold.ch<\/a><\/p><p>Noch \u00f6kologischer ist es ein Schmuckst\u00fcck umzugestalten oder zu reparieren. Auch das biete ich an.<\/p>\t\t\t\t\t\t\t\t<\/div>\n\t\t\t\t<\/div>\n\t\t\t\t<\/div>\n\t\t\t\t\t<\/div>\n\t\t\t\t<\/div>\n\t\t<div class=\"elementor-element elementor-element-a6dc502 e-flex e-con-boxed e-con e-parent\" data-id=\"a6dc502\" data-element_type=\"container\" data-e-type=\"container\">\n\t\t\t\t\t<div class=\"e-con-inner\">\n\t\t\t\t<div class=\"elementor-element elementor-element-eb43695 elementor-widget elementor-widget-heading\" data-id=\"eb43695\" data-element_type=\"widget\" data-e-type=\"widget\" data-widget_type=\"heading.default\">\n\t\t\t\t<div class=\"elementor-widget-container\">\n\t\t\t\t\t<h2 class=\"elementor-heading-title elementor-size-default\">Die Goldschmiedin<\/h2>\t\t\t\t<\/div>\n\t\t\t\t<\/div>\n\t\t\t\t\t<\/div>\n\t\t\t\t<\/div>\n\t\t<div class=\"elementor-element elementor-element-dbf917a e-flex e-con-boxed e-con e-parent\" data-id=\"dbf917a\" data-element_type=\"container\" data-e-type=\"container\">\n\t\t\t\t\t<div class=\"e-con-inner\">\n\t\t<div class=\"elementor-element elementor-element-4daeda7 e-con-full e-flex e-con e-child\" data-id=\"4daeda7\" data-element_type=\"container\" data-e-type=\"container\">\n\t\t\t\t<div class=\"elementor-element elementor-element-f26b6a9 elementor-widget elementor-widget-text-editor\" data-id=\"f26b6a9\" data-element_type=\"widget\" data-e-type=\"widget\" data-widget_type=\"text-editor.default\">\n\t\t\t\t<div class=\"elementor-widget-container\">\n\t\t\t\t\t\t\t\t\t<p style=\"text-align: left;\">Mein Name ist Anja Krebs. Ich bin gelernte Goldschmiedin. Zu dieser Ausbildung entschied ich mich nachdem ich die Schule f\u00fcr Gestaltung in St.Gallen besucht habe. Auch nach diversen Weiterbildungen in den Bereichen Metallgiessen, Schmieden und Mokumegane ist das Goldschmieden so spannend wie am ersten Tag.<br \/>Seit \u00fcber 20 Jahren kreiere ich individuellen Schmuck nach Kundenwunsch. Diese abwechslungsreiche und kreative Arbeit hat mich darin best\u00e4rkt, den Beruf zur Berufung zu machen und eine eigene Firma zu gr\u00fcnden.<br \/>Mit tatkr\u00e4ftiger Unterst\u00fctzung von meinem Mann, Oliver Krebs, gr\u00fcndete ich 2013 die Firma ringwerk. Dieser Aufgabe widmen wir uns mit viel Freude und Leidenschaft.<\/p>\t\t\t\t\t\t\t\t<\/div>\n\t\t\t\t<\/div>\n\t\t\t\t<\/div>\n\t\t<div class=\"elementor-element elementor-element-c2e6219 e-con-full e-flex e-con e-child\" data-id=\"c2e6219\" data-element_type=\"container\" data-e-type=\"container\">\n\t\t\t\t<div class=\"elementor-element elementor-element-4750677 elementor-widget elementor-widget-image\" data-id=\"4750677\" data-element_type=\"widget\" data-e-type=\"widget\" data-widget_type=\"image.default\">\n\t\t\t\t<div class=\"elementor-widget-container\">\n\t\t\t\t\t\t\t\t\t\t\t\t\t\t\t<img decoding=\"async\" width=\"600\" height=\"319\" src=\"https:\/\/ringwerk.ch\/wordpress\/wp-content\/uploads\/2024\/08\/anja-krebs-ringwerk.jpg\" class=\"attachment-large size-large wp-image-1048\" alt=\"\" srcset=\"https:\/\/ringwerk.ch\/wordpress\/wp-content\/uploads\/2024\/08\/anja-krebs-ringwerk.jpg 600w, https:\/\/ringwerk.ch\/wordpress\/wp-content\/uploads\/2024\/08\/anja-krebs-ringwerk-300x160.jpg 300w\" sizes=\"(max-width: 600px) 100vw, 600px\" \/>\t\t\t\t\t\t\t\t\t\t\t\t\t\t\t<\/div>\n\t\t\t\t<\/div>\n\t\t\t\t<\/div>\n\t\t\t\t\t<\/div>\n\t\t\t\t<\/div>\n\t\t<div class=\"elementor-element elementor-element-19f088c e-flex e-con-boxed e-con e-parent\" data-id=\"19f088c\" data-element_type=\"container\" data-e-type=\"container\">\n\t\t\t\t\t<div class=\"e-con-inner\">\n\t\t\t\t<div class=\"elementor-element elementor-element-c3d94c1 elementor-widget elementor-widget-heading\" data-id=\"c3d94c1\" data-element_type=\"widget\" data-e-type=\"widget\" data-widget_type=\"heading.default\">\n\t\t\t\t<div class=\"elementor-widget-container\">\n\t\t\t\t\t<h2 class=\"elementor-heading-title elementor-size-default\">R\u00fcckenst\u00e4rkung<\/h2>\t\t\t\t<\/div>\n\t\t\t\t<\/div>\n\t\t\t\t\t<\/div>\n\t\t\t\t<\/div>\n\t\t<div class=\"elementor-element elementor-element-ebbd1b1 e-flex e-con-boxed e-con e-parent\" data-id=\"ebbd1b1\" data-element_type=\"container\" data-e-type=\"container\">\n\t\t\t\t\t<div class=\"e-con-inner\">\n\t\t<div class=\"elementor-element elementor-element-1d49883 e-con-full e-flex e-con e-child\" data-id=\"1d49883\" data-element_type=\"container\" data-e-type=\"container\">\n\t\t\t\t<div class=\"elementor-element elementor-element-fe20e0c elementor-widget elementor-widget-image\" data-id=\"fe20e0c\" data-element_type=\"widget\" data-e-type=\"widget\" data-widget_type=\"image.default\">\n\t\t\t\t<div class=\"elementor-widget-container\">\n\t\t\t\t\t\t\t\t\t\t\t\t\t\t\t<img decoding=\"async\" width=\"600\" height=\"319\" src=\"https:\/\/ringwerk.ch\/wordpress\/wp-content\/uploads\/2024\/08\/oliver-krebs-ringwerk.jpg\" class=\"attachment-large size-large wp-image-1047\" alt=\"\" srcset=\"https:\/\/ringwerk.ch\/wordpress\/wp-content\/uploads\/2024\/08\/oliver-krebs-ringwerk.jpg 600w, https:\/\/ringwerk.ch\/wordpress\/wp-content\/uploads\/2024\/08\/oliver-krebs-ringwerk-300x160.jpg 300w\" sizes=\"(max-width: 600px) 100vw, 600px\" \/>\t\t\t\t\t\t\t\t\t\t\t\t\t\t\t<\/div>\n\t\t\t\t<\/div>\n\t\t\t\t<\/div>\n\t\t<div class=\"elementor-element elementor-element-a941c34 e-con-full e-flex e-con e-child\" data-id=\"a941c34\" data-element_type=\"container\" data-e-type=\"container\">\n\t\t\t\t<div class=\"elementor-element elementor-element-434b6f7 elementor-widget elementor-widget-text-editor\" data-id=\"434b6f7\" data-element_type=\"widget\" data-e-type=\"widget\" data-widget_type=\"text-editor.default\">\n\t\t\t\t<div class=\"elementor-widget-container\">\n\t\t\t\t\t\t\t\t\t<p>Ich heisse Oliver Krebs. Da meine St\u00e4rken eher im technischen als im k\u00fcnstlerischen Bereich liegen, k\u00fcmmere ich mich um die Technik und die Buchhaltung. Weiter unterst\u00fctze ich meine Frau Anja, wo immer n\u00f6tig.<\/p>\t\t\t\t\t\t\t\t<\/div>\n\t\t\t\t<\/div>\n\t\t\t\t<\/div>\n\t\t\t\t\t<\/div>\n\t\t\t\t<\/div>\n\t\t\t\t<\/div>\n\t\t","protected":false},"excerpt":{"rendered":"<p>Die Werkstatt Bei uns bist du immer mitten in der Werkstatt, egal ob du dein Schmuckst\u00fcck in Auftrag gibst oder selbst hand anlegst. Ich verwende viele verschiedene Materialien. Da sind die Klassiker wie verschiedenste Edelsteine, Gelb-, Rot- und Weissgold, Silber, Platin und Palladium in verschiedenen Legierungen. Aber auch Holz, Karbon, Pferdehaar, Muttermilch\u2026 Unsere Werte Ich [&hellip;]<\/p>\n","protected":false},"author":1,"featured_media":0,"parent":0,"menu_order":0,"comment_status":"closed","ping_status":"closed","template":"","meta":{"ocean_post_layout":"full-screen","ocean_both_sidebars_style":"","ocean_both_sidebars_content_width":0,"ocean_both_sidebars_sidebars_width":0,"ocean_sidebar":"","ocean_second_sidebar":"","ocean_disable_margins":"enable","ocean_add_body_class":"","ocean_shortcode_before_top_bar":"","ocean_shortcode_after_top_bar":"","ocean_shortcode_before_header":"","ocean_shortcode_after_header":"","ocean_has_shortcode":"","ocean_shortcode_after_title":"","ocean_shortcode_before_footer_widgets":"","ocean_shortcode_after_footer_widgets":"","ocean_shortcode_before_footer_bottom":"","ocean_shortcode_after_footer_bottom":"","ocean_display_top_bar":"default","ocean_display_header":"default","ocean_header_style":"","ocean_center_header_left_menu":"","ocean_custom_header_template":"","ocean_custom_logo":0,"ocean_custom_retina_logo":0,"ocean_custom_logo_max_width":0,"ocean_custom_logo_tablet_max_width":0,"ocean_custom_logo_mobile_max_width":0,"ocean_custom_logo_max_height":0,"ocean_custom_logo_tablet_max_height":0,"ocean_custom_logo_mobile_max_height":0,"ocean_header_custom_menu":"","ocean_menu_typo_font_family":"","ocean_menu_typo_font_subset":"","ocean_menu_typo_font_size":0,"ocean_menu_typo_font_size_tablet":0,"ocean_menu_typo_font_size_mobile":0,"ocean_menu_typo_font_size_unit":"px","ocean_menu_typo_font_weight":"","ocean_menu_typo_font_weight_tablet":"","ocean_menu_typo_font_weight_mobile":"","ocean_menu_typo_transform":"","ocean_menu_typo_transform_tablet":"","ocean_menu_typo_transform_mobile":"","ocean_menu_typo_line_height":0,"ocean_menu_typo_line_height_tablet":0,"ocean_menu_typo_line_height_mobile":0,"ocean_menu_typo_line_height_unit":"","ocean_menu_typo_spacing":0,"ocean_menu_typo_spacing_tablet":0,"ocean_menu_typo_spacing_mobile":0,"ocean_menu_typo_spacing_unit":"","ocean_menu_link_color":"","ocean_menu_link_color_hover":"","ocean_menu_link_color_active":"","ocean_menu_link_background":"","ocean_menu_link_hover_background":"","ocean_menu_link_active_background":"","ocean_menu_social_links_bg":"","ocean_menu_social_hover_links_bg":"","ocean_menu_social_links_color":"","ocean_menu_social_hover_links_color":"","ocean_disable_title":"on","ocean_disable_heading":"default","ocean_post_title":"","ocean_post_subheading":"","ocean_post_title_style":"","ocean_post_title_background_color":"","ocean_post_title_background":0,"ocean_post_title_bg_image_position":"","ocean_post_title_bg_image_attachment":"","ocean_post_title_bg_image_repeat":"","ocean_post_title_bg_image_size":"","ocean_post_title_height":0,"ocean_post_title_bg_overlay":0.5,"ocean_post_title_bg_overlay_color":"","ocean_disable_breadcrumbs":"default","ocean_breadcrumbs_color":"","ocean_breadcrumbs_separator_color":"","ocean_breadcrumbs_links_color":"","ocean_breadcrumbs_links_hover_color":"","ocean_display_footer_widgets":"off","ocean_display_footer_bottom":"off","ocean_custom_footer_template":"","footnotes":""},"class_list":["post-17","page","type-page","status-publish","hentry","entry"],"_links":{"self":[{"href":"https:\/\/ringwerk.ch\/wordpress\/wp-json\/wp\/v2\/pages\/17","targetHints":{"allow":["GET"]}}],"collection":[{"href":"https:\/\/ringwerk.ch\/wordpress\/wp-json\/wp\/v2\/pages"}],"about":[{"href":"https:\/\/ringwerk.ch\/wordpress\/wp-json\/wp\/v2\/types\/page"}],"author":[{"embeddable":true,"href":"https:\/\/ringwerk.ch\/wordpress\/wp-json\/wp\/v2\/users\/1"}],"replies":[{"embeddable":true,"href":"https:\/\/ringwerk.ch\/wordpress\/wp-json\/wp\/v2\/comments?post=17"}],"version-history":[{"count":10,"href":"https:\/\/ringwerk.ch\/wordpress\/wp-json\/wp\/v2\/pages\/17\/revisions"}],"predecessor-version":[{"id":1475,"href":"https:\/\/ringwerk.ch\/wordpress\/wp-json\/wp\/v2\/pages\/17\/revisions\/1475"}],"wp:attachment":[{"href":"https:\/\/ringwerk.ch\/wordpress\/wp-json\/wp\/v2\/media?parent=17"}],"curies":[{"name":"wp","href":"https:\/\/api.w.org\/{rel}","templated":true}]}}